[INFO] cloning repository https://github.com/BrMallet/Ising-2D
[INFO] running `Command { std: "git" "-c" "credential.helper=" "-c" "credential.helper=/workspace/cargo-home/bin/git-credential-null" "clone" "--bare" "https://github.com/BrMallet/Ising-2D" "/workspace/cache/git-repos/https%3A%2F%2Fgithub.com%2FBrMallet%2FIsing-2D", kill_on_drop: false }`
[INFO] [stderr] Cloning into bare repository '/workspace/cache/git-repos/https%3A%2F%2Fgithub.com%2FBrMallet%2FIsing-2D'...
[INFO] running `Command { std: "git" "rev-parse" "HEAD", kill_on_drop: false }`
[INFO] [stdout] 14898cdbba52b50f6ada5f7b764f29c2fb514aae
[INFO] checking BrMallet/Ising-2D against try#72f88fc4e9458f89516a0b8b0868f3718aec5b47 for pr-74989
[INFO] running `Command { std: "git" "clone" "/workspace/cache/git-repos/https%3A%2F%2Fgithub.com%2FBrMallet%2FIsing-2D" "/workspace/builds/worker-2/source", kill_on_drop: false }`
[INFO] [stderr] Cloning into '/workspace/builds/worker-2/source'...
[INFO] [stderr] done.
[INFO] validating manifest of git repo https://github.com/BrMallet/Ising-2D on toolchain 72f88fc4e9458f89516a0b8b0868f3718aec5b47
[INFO] running `Command { std: "/workspace/cargo-home/bin/cargo" "+72f88fc4e9458f89516a0b8b0868f3718aec5b47" "read-manifest" "--manifest-path" "Cargo.toml", kill_on_drop: false }`
[INFO] started tweaking git repo https://github.com/BrMallet/Ising-2D
[INFO] finished tweaking git repo https://github.com/BrMallet/Ising-2D
[INFO] tweaked toml for git repo https://github.com/BrMallet/Ising-2D written to /workspace/builds/worker-2/source/Cargo.toml
[INFO] crate git repo https://github.com/BrMallet/Ising-2D already has a lockfile, it will not be regenerated
[INFO] running `Command { std: "/workspace/cargo-home/bin/cargo" "+72f88fc4e9458f89516a0b8b0868f3718aec5b47" "fetch" "--locked" "--manifest-path" "Cargo.toml", kill_on_drop: false }`
[INFO] [stderr]     Updating crates.io index
[INFO] [stderr] error: the lock file /workspace/builds/worker-2/source/Cargo.lock needs to be updated but --locked was passed to prevent this
[INFO] [stderr] If you want to try to generate the lock file without accessing the network, use the --offline flag.
[INFO] the lockfile is outdated, regenerating it
[INFO] running `Command { std: "/workspace/cargo-home/bin/cargo" "+72f88fc4e9458f89516a0b8b0868f3718aec5b47" "generate-lockfile" "--manifest-path" "Cargo.toml" "-Zno-index-update", kill_on_drop: false }`
[INFO] [stderr]     Blocking waiting for file lock on package cache
[INFO] running `Command { std: "/workspace/cargo-home/bin/cargo" "+72f88fc4e9458f89516a0b8b0868f3718aec5b47" "fetch" "--locked" "--manifest-path" "Cargo.toml", kill_on_drop: false }`
[INFO] [stderr]  Downloading crates ...
[INFO] [stderr]   Downloaded plotters-backend v0.3.0
[INFO] [stderr]   Downloaded plotters-svg v0.3.0
[INFO] [stderr]   Downloaded plotters-bitmap v0.3.0
[INFO] [stderr]   Downloaded piston2d-opengl_graphics v0.72.0
[INFO] [stderr]   Downloaded dwrote v0.11.0
[INFO] [stderr]   Downloaded font-kit v0.7.1
[INFO] [stderr]   Downloaded plotters v0.3.0
[INFO] [stderr]   Downloaded piston v0.51.0
[INFO] [stderr]   Downloaded pistoncore-event_loop v0.51.0
[INFO] [stderr]   Downloaded pistoncore-window v0.46.0
[INFO] [stderr]   Downloaded pistoncore-glutin_window v0.65.0
[INFO] running `Command { std: "docker" "create" "-v" "/var/lib/crater-agent-workspace/builds/worker-2/target:/opt/rustwide/target:rw,Z" "-v" "/var/lib/crater-agent-workspace/builds/worker-2/source:/opt/rustwide/workdir:ro,Z" "-v" "/var/lib/crater-agent-workspace/cargo-home:/opt/rustwide/cargo-home:ro,Z" "-v" "/var/lib/crater-agent-workspace/rustup-home:/opt/rustwide/rustup-home:ro,Z" "-e" "SOURCE_DIR=/opt/rustwide/workdir" "-e" "CARGO_TARGET_DIR=/opt/rustwide/target" "-e" "CARGO_HOME=/opt/rustwide/cargo-home" "-e" "RUSTUP_HOME=/opt/rustwide/rustup-home" "-w" "/opt/rustwide/workdir" "-m" "1610612736" "--user" "0:0" "--network" "none" "rustops/crates-build-env@sha256:d92eaeed33fa75130ca1ee6c8a01d1ffb62bac859dfdfb3450e3e5d1c0146529" "/opt/rustwide/cargo-home/bin/cargo" "+72f88fc4e9458f89516a0b8b0868f3718aec5b47" "metadata" "--no-deps" "--format-version=1", kill_on_drop: false }`
[INFO] [stdout] f9e835a48aa3b52ea017f1578a36f68d3025d31a48a553c450ec6377310e6d20
[INFO] [stderr] WARNING: Your kernel does not support swap limit capabilities or the cgroup is not mounted. Memory limited without swap.
[INFO] running `Command { std: "docker" "start" "-a" "f9e835a48aa3b52ea017f1578a36f68d3025d31a48a553c450ec6377310e6d20", kill_on_drop: false }`
[INFO] running `Command { std: "docker" "inspect" "f9e835a48aa3b52ea017f1578a36f68d3025d31a48a553c450ec6377310e6d20", kill_on_drop: false }`
[INFO] running `Command { std: "docker" "rm" "-f" "f9e835a48aa3b52ea017f1578a36f68d3025d31a48a553c450ec6377310e6d20", kill_on_drop: false }`
[INFO] [stdout] f9e835a48aa3b52ea017f1578a36f68d3025d31a48a553c450ec6377310e6d20
[INFO] running `Command { std: "docker" "create" "-v" "/var/lib/crater-agent-workspace/builds/worker-2/target:/opt/rustwide/target:rw,Z" "-v" "/var/lib/crater-agent-workspace/builds/worker-2/source:/opt/rustwide/workdir:ro,Z" "-v" "/var/lib/crater-agent-workspace/cargo-home:/opt/rustwide/cargo-home:ro,Z" "-v" "/var/lib/crater-agent-workspace/rustup-home:/opt/rustwide/rustup-home:ro,Z" "-e" "SOURCE_DIR=/opt/rustwide/workdir" "-e" "CARGO_TARGET_DIR=/opt/rustwide/target" "-e" "CARGO_INCREMENTAL=0" "-e" "RUST_BACKTRACE=full" "-e" "RUSTFLAGS=--cap-lints=forbid" "-e" "CARGO_HOME=/opt/rustwide/cargo-home" "-e" "RUSTUP_HOME=/opt/rustwide/rustup-home" "-w" "/opt/rustwide/workdir" "-m" "1610612736" "--user" "0:0" "--network" "none" "rustops/crates-build-env@sha256:d92eaeed33fa75130ca1ee6c8a01d1ffb62bac859dfdfb3450e3e5d1c0146529" "/opt/rustwide/cargo-home/bin/cargo" "+72f88fc4e9458f89516a0b8b0868f3718aec5b47" "check" "--frozen" "--all" "--all-targets" "--message-format=json", kill_on_drop: false }`
[INFO] [stdout] 8e93bbcca40ddc3e014b0f554f6b6b0d3783a14aa8f709cc7b1a5ea38b273503
[INFO] [stderr] WARNING: Your kernel does not support swap limit capabilities or the cgroup is not mounted. Memory limited without swap.
[INFO] running `Command { std: "docker" "start" "-a" "8e93bbcca40ddc3e014b0f554f6b6b0d3783a14aa8f709cc7b1a5ea38b273503", kill_on_drop: false }`
[INFO] [stderr]    Compiling libc v0.2.77
[INFO] [stderr]     Checking lazy_static v1.4.0
[INFO] [stderr]    Compiling xml-rs v0.8.3
[INFO] [stderr]     Checking scopeguard v1.1.0
[INFO] [stderr]     Checking adler32 v1.2.0
[INFO] [stderr]    Compiling libloading v0.6.3
[INFO] [stderr]    Compiling proc-macro2 v1.0.21
[INFO] [stderr]    Compiling rayon-core v1.8.0
[INFO] [stderr]     Checking piston-float v1.0.0
[INFO] [stderr]    Compiling syn v1.0.40
[INFO] [stderr]     Checking same-file v1.0.6
[INFO] [stderr]    Compiling serde_derive v1.0.116
[INFO] [stderr]     Checking either v1.6.0
[INFO] [stderr]     Checking piston-graphics_api_version v0.2.0
[INFO] [stderr]     Checking downcast-rs v1.2.0
[INFO] [stderr]    Compiling getrandom v0.1.15
[INFO] [stderr]     Checking bytemuck v1.4.1
[INFO] [stderr]     Checking plotters-backend v0.3.0
[INFO] [stderr]     Checking scoped_threadpool v0.1.9
[INFO] [stderr]     Checking ppv-lite86 v0.2.9
[INFO] [stderr]     Checking interpolation v0.2.0
[INFO] [stderr]     Checking float-ord v0.2.0
[INFO] [stderr]     Checking read_color v1.0.0
[INFO] [stderr]     Checking piston-texture v0.8.0
[INFO] [stderr]     Checking piston-shaders_graphics2d v0.3.1
[INFO] [stderr]    Compiling num-traits v0.2.12
[INFO] [stderr]    Compiling crossbeam-utils v0.7.2
[INFO] [stderr]    Compiling memoffset v0.5.5
[INFO] [stderr]    Compiling num-integer v0.1.43
[INFO] [stderr]    Compiling crossbeam-epoch v0.8.2
[INFO] [stderr]    Compiling rayon v1.4.0
[INFO] [stderr]    Compiling num-iter v0.1.41
[INFO] [stderr]    Compiling num-rational v0.3.0
[INFO] [stderr]    Compiling num-rational v0.2.4
[INFO] [stderr]    Compiling x11-dl v2.18.5
[INFO] [stderr]    Compiling servo-fontconfig-sys v4.0.9
[INFO] [stderr]    Compiling cmake v0.1.44
[INFO] [stderr]    Compiling libloading v0.5.2
[INFO] [stderr]    Compiling semver v0.9.0
[INFO] [stderr]     Checking lock_api v0.3.4
[INFO] [stderr]     Checking piston-viewport v1.0.0
[INFO] [stderr]     Checking vecmath v1.0.0
[INFO] [stderr]     Checking miniz_oxide v0.3.7
[INFO] [stderr]     Checking inflate v0.4.5
[INFO] [stderr]     Checking walkdir v2.3.1
[INFO] [stderr]     Checking shader_version v0.6.0
[INFO] [stderr]     Checking plotters-svg v0.3.0
[INFO] [stderr]    Compiling log v0.4.11
[INFO] [stderr]     Checking stb_truetype v0.3.1
[INFO] [stderr]     Checking deflate v0.8.6
[INFO] [stderr]     Checking deflate v0.7.20
[INFO] [stderr]    Compiling rustc_version v0.2.3
[INFO] [stderr]    Compiling wayland-scanner v0.21.13
[INFO] [stderr]    Compiling gl_generator v0.14.0
[INFO] [stderr]    Compiling gl_generator v0.10.0
[INFO] [stderr]     Checking dlib v0.4.2
[INFO] [stderr]    Compiling servo-freetype-sys v4.0.5
[INFO] [stderr]    Compiling expat-sys v2.1.6
[INFO] [stderr]     Checking wayland-sys v0.21.13
[INFO] [stderr]     Checking tiff v0.5.0
[INFO] [stderr]     Checking crossbeam-channel v0.4.4
[INFO] [stderr]     Checking png v0.15.3
[INFO] [stderr]    Compiling parking_lot_core v0.6.2
[INFO] [stderr]    Compiling pathfinder_simd v0.5.0
[INFO] [stderr]    Compiling parking_lot v0.9.0
[INFO] [stderr]     Checking png v0.16.7
[INFO] [stderr]    Compiling quote v1.0.7
[INFO] [stderr]     Checking crossbeam-deque v0.7.3
[INFO] [stderr]     Checking num_cpus v1.13.0
[INFO] [stderr]     Checking nix v0.14.1
[INFO] [stderr]     Checking memmap v0.7.0
[INFO] [stderr]     Checking raw-window-handle v0.3.3
[INFO] [stderr]     Checking shared_library v0.1.9
[INFO] [stderr]     Checking dirs-sys v0.3.5
[INFO] [stderr]     Checking time v0.1.44
[INFO] [stderr]     Checking freetype v0.4.1
[INFO] [stderr]     Checking dirs v2.0.2
[INFO] [stderr]     Checking osmesa-sys v0.1.2
[INFO] [stderr]     Checking servo-fontconfig v0.4.0
[INFO] [stderr]     Checking rand_core v0.5.1
[INFO] [stderr]     Checking ordered-float v1.1.0
[INFO] [stderr]     Checking approx v0.3.2
[INFO] [stderr]     Checking line_drawing v0.7.0
[INFO] [stderr]     Checking rand_chacha v0.2.2
[INFO] [stderr]     Checking rusttype v0.8.3
[INFO] [stderr]     Checking chrono v0.4.15
[INFO] [stderr]    Compiling glutin_egl_sys v0.1.5
[INFO] [stderr]    Compiling glutin_glx_sys v0.1.7
[INFO] [stderr]     Checking rand v0.7.3
[INFO] [stderr]    Compiling gl v0.11.0
[INFO] [stderr]     Checking pathfinder_geometry v0.5.1
[INFO] [stderr]     Checking rusttype v0.7.9
[INFO] [stderr]     Checking piston2d-graphics v0.36.0
[INFO] [stderr]    Compiling wayland-client v0.21.13
[INFO] [stderr]    Compiling wayland-protocols v0.21.13
[INFO] [stderr]     Checking andrew v0.2.1
[INFO] [stderr]     Checking font-kit v0.7.1
[INFO] [stderr]     Checking jpeg-decoder v0.1.20
[INFO] [stderr]     Checking wayland-commons v0.21.13
[INFO] [stderr]     Checking image v0.23.9
[INFO] [stderr]     Checking image v0.22.5
[INFO] [stderr]     Checking plotters-bitmap v0.3.0
[INFO] [stderr]     Checking smithay-client-toolkit v0.4.6
[INFO] [stderr]     Checking plotters v0.3.0
[INFO] [stderr]     Checking piston2d-opengl_graphics v0.72.0
[INFO] [stderr]     Checking winit v0.19.5
[INFO] [stderr]     Checking glutin v0.21.2
[INFO] [stderr]     Checking pistoncore-input v1.0.0
[INFO] [stderr]     Checking pistoncore-window v0.46.0
[INFO] [stderr]     Checking pistoncore-event_loop v0.51.0
[INFO] [stderr]     Checking pistoncore-glutin_window v0.65.0
[INFO] [stderr]     Checking piston v0.51.0
[INFO] [stderr]     Checking ising v0.1.0 (/opt/rustwide/workdir)
[INFO] [stdout] error[E0435]: attempt to use a non-constant value in a constant
[INFO] [stdout]    --> src/main.rs:132:38
[INFO] [stdout]     |
[INFO] [stdout] 132 |     const data: [(f64 , f64); 200] = vetor_grafico ;
[INFO] [stdout]     |                                      ^^^^^^^^^^^^^ non-constant value
[INFO] [stdout] 
[INFO] [stdout] 
[INFO] [stdout] error[E0435]: attempt to use a non-constant value in a constant
[INFO] [stdout]    --> src/main.rs:132:38
[INFO] [stdout]     |
[INFO] [stdout] 132 |     const data: [(f64 , f64); 200] = vetor_grafico ;
[INFO] [stdout]     |                                      ^^^^^^^^^^^^^ non-constant value
[INFO] [stdout] 
[INFO] [stdout] 
[INFO] [stdout] warning: use of deprecated associated function `plotters::chart::ChartBuilder::<'a, 'b, DB>::build_ranged`: `build_ranged` has been renamed to `build_cartesian_2d` and is to be removed in the future.
[INFO] [stdout]    --> src/main.rs:125:10
[INFO] [stdout]     |
[INFO] [stdout] 125 |         .build_ranged(-10..50, -10..50)
[INFO] [stdout]     |          ^^^^^^^^^^^^
[INFO] [stdout]     |
[INFO] [stdout]     = note: `#[warn(deprecated)]` on by default
[INFO] [stdout] 
[INFO] [stdout] 
[INFO] [stdout] error[E0271]: type mismatch resolving `<RangedCoordi32 as plotters::prelude::Ranged>::ValueType == f64`
[INFO] [stdout]    --> src/main.rs:134:9
[INFO] [stdout]     |
[INFO] [stdout] 134 |     ctx.draw_series(
[INFO] [stdout]     |         ^^^^^^^^^^^ expected `i32`, found `f64`
[INFO] [stdout] 
[INFO] [stdout] 
[INFO] [stdout] warning: use of deprecated associated function `plotters::chart::ChartBuilder::<'a, 'b, DB>::build_ranged`: `build_ranged` has been renamed to `build_cartesian_2d` and is to be removed in the future.
[INFO] [stdout]    --> src/main.rs:125:10
[INFO] [stdout]     |
[INFO] [stdout] 125 |         .build_ranged(-10..50, -10..50)
[INFO] [stdout]     |          ^^^^^^^^^^^^
[INFO] [stdout]     |
[INFO] [stdout]     = note: `#[warn(deprecated)]` on by default
[INFO] [stdout] 
[INFO] [stdout] 
[INFO] [stdout] error: aborting due to 2 previous errors; 1 warning emitted
[INFO] [stdout] 
[INFO] [stdout] 
[INFO] [stdout] Some errors have detailed explanations: E0271, E0435.
[INFO] [stdout] 
[INFO] [stdout] For more information about an error, try `rustc --explain E0271`.
[INFO] [stdout] 
[INFO] [stderr] error: could not compile `ising`.
[INFO] [stderr] 
[INFO] [stderr] To learn more, run the command again with --verbose.
[INFO] [stderr] warning: build failed, waiting for other jobs to finish...
[INFO] [stdout] error[E0271]: type mismatch resolving `<RangedCoordi32 as plotters::prelude::Ranged>::ValueType == f64`
[INFO] [stdout]    --> src/main.rs:134:9
[INFO] [stdout]     |
[INFO] [stdout] 134 |     ctx.draw_series(
[INFO] [stdout]     |         ^^^^^^^^^^^ expected `i32`, found `f64`
[INFO] [stdout] 
[INFO] [stdout] 
[INFO] [stdout] error: aborting due to 2 previous errors; 1 warning emitted
[INFO] [stdout] 
[INFO] [stdout] 
[INFO] [stdout] Some errors have detailed explanations: E0271, E0435.
[INFO] [stdout] 
[INFO] [stdout] For more information about an error, try `rustc --explain E0271`.
[INFO] [stdout] 
[INFO] [stderr] error: build failed
[INFO] running `Command { std: "docker" "inspect" "8e93bbcca40ddc3e014b0f554f6b6b0d3783a14aa8f709cc7b1a5ea38b273503", kill_on_drop: false }`
[INFO] running `Command { std: "docker" "rm" "-f" "8e93bbcca40ddc3e014b0f554f6b6b0d3783a14aa8f709cc7b1a5ea38b273503", kill_on_drop: false }`
[INFO] [stdout] 8e93bbcca40ddc3e014b0f554f6b6b0d3783a14aa8f709cc7b1a5ea38b273503
